(-9)/(-15) - (-2)/5. Let m be (y - 0) + 13 - 2. What is the greatest common factor of u and m?
4
Let g = -474 + 706. What is the highest common divisor of g and 29?
29
Let v be ((-8)/(-20))/(2/(-40)). Let t = 17 + v. Calculate the highest common divisor of t and 27.
9
Suppose 3*l = -2*q - 0*q + 406, 4*l = -4*q + 548. What is the highest common divisor of 12 and l?
12
Let r(q) = -q**3 + 5*q**2 + 4. Let n be r(4). Suppose -f = 2*i + i - 60, 2*f + 5*i - 120 = 0. What is the greatest common divisor of n and f?
20
Suppose h = 3*p + p - 4, p - 8 = 2*h. Let j(r) = -3*r + 3. Let c be j(h). Suppose 0 = 2*k - c - 81. What is the highest common factor of 6 and k?
6
Let c be (-2 - -5)*2/(-3). Let q be (12/(-4))/(c + 1). Let t = 1 + q. What is the greatest common factor of t and 6?
2
Suppose w - 7 = c, -2*c + 4*w = 17 + 3. Let z = c + 10. What is the highest common divisor of z and 4?
2
Let s be (-406)/(-4) - 3/2. What is the highest common divisor of s and 20?
20
Let h(l) = l**3 + 7*l**2 + 7*l + 6. Let v be h(-6). Suppose -3*p + 39 - 15 = v. Calculate the greatest common factor of p and 72.
8
Let h = 85 + -65. What is the greatest common factor of h and 70?
10
Let y(k) = 4*k - 4. Let t(f) = 3*f - 6. Let s be t(5). Let o(q) = q - 6. Let x be o(s). Let v be y(x). What is the greatest common factor of 1 and v?
1
Let b be (-68)/(-4) + 0 - (3 + -3). Calculate the greatest common factor of 153 and b.
17
Let p(c) = 2*c**2 + 3*c - 3. Let y be p(-5). Calculate the greatest common factor of 352 and y.
32
Let s be (1 + 1)/(-4)*4. Let k be ((-45)/s)/(30/40). What is the greatest common factor of 6 and k?
6
Suppose -2*t - 1 = -p - 3, -4*t + 44 = 3*p. Calculate the greatest common factor of p and 72.
8
Let b(f) = -f + 8. Let q be 47/(-7) + (-6)/21. Let c be b(q). Let w be ((-2)/(-4))/((-6)/(-72)). Calculate the greatest common divisor of c and w.
3
Suppose -3*v + 4*v = 5. Suppose -v*x - 49 + 224 = 0. Let b = x - 21. What is the highest common factor of b and 98?
14
Suppose -3*o + 84 = o. Calculate the highest common factor of 105 and o.
21
Suppose -b = -26 - 3. What is the greatest common factor of b and 145?
29
Let x be (-51)/((-9)/3) - -4. What is the highest common divisor of x and 3?
3
Let v(f) = f**2 - 20*f - 24. Let j be v(24). What is the greatest common divisor of j and 24?
24
Let b be (-2)/((-4)/(-3))*4. Let k be 16/2*(-9)/b. Let u(o) = o**2 + 12*o - 1. Let l be u(-13). Calculate the greatest common factor of l and k.
12
Suppose -24 = -n + 5*v, 0 = 4*v + 16. Calculate the greatest common divisor of n and 28.
4
Let t(j) = 50*j. Let y be t(2). Suppose -4*g = -8 - y. What is the greatest common divisor of 3 and g?
3
Let x be 21 - ((-3)/(-1) + 0). Suppose -f = 2*f - x. Suppose 3*b - 45 = l, -b + 3*b = 2*l + 30. Calculate the greatest common factor of b and f.
3
Suppose 0 = 3*g - 2*u + 11, -g + 4 + 11 = 4*u. Let h be (g - 0)*1 + 113. Let w = 66 + -50. What is the greatest common factor of w and h?
16
Suppose -2 = 2*h + 2*u, 3*h - h = 4*u - 14. Let i be 3/h*-10*1. What is the greatest common divisor of i and 25?
5
Suppose -3*t + t = -12. Suppose 4*g - 5*u - 8 = 0, -2*g + 3*u + 18 = 4*u. Let n be (6/g)/(1/7). What is the greatest common factor of n and t?
6
Suppose d - 51 = -2*d. Suppose -183 = -y - 2*n, -4*n + 179 = -y + 2*y. Calculate the highest common divisor of y and d.
17
Suppose -5*z - 7 = -47. Let h be 1/2 + 276/z. Let p(u) = -4*u + 1. Let y be p(-1). What is the greatest common divisor of y and h?
5
Suppose -4*u = 4*a - 0*u - 364, -3*u = 5*a - 449. What is the greatest common divisor of a and 33?
11
Let j be (-2)/4 - 801/(-6). What is the highest common divisor of j and 19?
19
Let a be ((-3)/(-6))/(1/4). Let q be 25/(-10)*a*-10. What is the highest common factor of q and 20?
10
Let b(p) = 9*p**2 + 2*p - 2. Let i(g) = 2*g - 3. Let c be i(3). Let a be b(c). Let t = -38 - -72. Calculate the greatest common factor of a and t.
17
Suppose -4*k + 9*k - 125 = 0. Suppose n - 2*d - 673 = -2*n, 4*d - 229 = -n. What is the highest common factor of k and n?
25
Let o be 32/10 - 1/5. Let b be (-30)/7*(o - 10). Let t = -26 + 32. What is the highest common factor of t and b?
6
Let h be 1 - 4/(-4)*132. Calculate the highest common factor of h and 19.
19
Let q = -77 - -135. Calculate the greatest common divisor of q and 29.
29
Let n be 0 - -17 - 0/10. Suppose -5 + n = q. Calculate the greatest common factor of 24 and q.
12
Let z = 9 + -15. Let y be z/(-4 + 3 - -3). Let m(r) = r**2 + 4*r + 4. Let s be m(y). What is the greatest common divisor of s and 4?
1
Let c = -32 - -56. What is the greatest common factor of c and 60?
12
Let t = -5 - -4. Let a be ((-4)/(-6))/t*-66. What is the greatest common divisor of 11 and a?
11
Let z = 68 + -24. Let m be (2 - -1) + -5 + z. Suppose 6 - 20 = -u. Calculate the highest common divisor of m and u.
14
Suppose 2*i + 3*t = 41, 0 = -0*i + i + 5*t - 38. What is the highest common divisor of i and 117?
13
Suppose 2*p = 4*p - 3*h - 8, 16 = 4*p - 2*h. Suppose p*a - 19 = -3. Let l be ((-6)/4 + 2)*a. Calculate the highest common divisor of l and 4.
2
Suppose -4*s + 9*s = 10. Let l be 1/s*-1*-18. Suppose -3*u + 225 = 2*u. What is the greatest common factor of l and u?
9
Let d = -12 - 5. Let k = d - -38. Let n = 302 + -71. What is the greatest common divisor of k and n?
21
Let g = -90 - -130. Suppose 4*i - 32 = -2*d, 4*i + 0*d - 2*d = g. Calculate the greatest common divisor of i and 36.
9
Let n be (2/(-5))/((-10)/(-800)). Let p = n + 45. What is the highest common factor of 26 and p?
13
Suppose 0 = -3*m + 40 + 14. Suppose 0*l - 2*l + m = 0. What is the greatest common divisor of 63 and l?
9
Let u = 14 - 5. Calculate the greatest common divisor of 3 and u.
3
Let q(b) = 23*b**2 - 2*b + 4*b - 4*b + 2. Let k be q(2). Suppose -5*y + 23 + 27 = 0. Calculate the greatest common divisor of k and y.
10
Suppose 3*q - 67 = 62. Calculate the highest common factor of q and 301.
43
Suppose 3*i = 5*j - 147, j = -4*i + 51 - 17. Suppose 12 + 12 = 4*n. What is the greatest common divisor of n and j?
6
Let p(v) = v**2 + 12*v + 13. Let k be p(-11). What is the highest common divisor of 2 and k?
2
Let m be (0 + (2 - 1))*6/2. Let u = -42 + 118. Suppose 0 = 4*g - r - u, -5*g + 61 + 34 = m*r. Calculate the highest common factor of g and 171.
19
Let f be 10/(-35) + 1390/14. What is the greatest common factor of 11 and f?
11
Let h = 21 + -5. Suppose 5*k + 12 = q - 3, 4*q + 2*k = 170. Calculate the greatest common divisor of q and h.
8
Let u(x) = -7*x**2 + x - 2. Let c be u(5). Let z = 35 - 109. Let t = z - c. Calculate the highest common divisor of t and 14.
14
Let o = -66 - -72. Let f = 8 + 40. What is the greatest common divisor of f and o?
6
Let q be 20*((-9)/15 - -1). Let w(j) = j**3 - 7*j**2 - 6*j - 10. Let b be w(q). Calculate the highest common divisor of b and 54.
6
Let z = 2 + -2. Suppose -3*g + 145 = -o, z*o = 2*g - o - 96. Suppose -4*q - 1 + g = 0. What is the highest common factor of q and 96?
12
Suppose 0*n + 3*r + 54 = 3*n, n + 2*r - 12 = 0. Calculate the highest common divisor of 8 and n.
8
Let a = 13 + -12. Suppose 4*u - 2*d = -50, -d = -0*d - 5. Let j = u - -19. Calculate the highest common factor of j and a.
1
Let x(z) = -z**2 + 3*z + 3. Let h be x(4). Let j be (-6)/3 - -15 - h. Calculate the highest common factor of 126 and j.
14
Suppose -12 = -4*z - 4. Calculate the greatest common factor of 4 and z.
2
Let u(g) = g**3 - 7*g**2 + 6*g - 4. Let f be u(6). Let m = f + 17. Calculate the greatest common divisor of 91 and m.
13
Suppose 4*a + 8*a = 1080. Suppose 4 + 32 = 2*j. What is the greatest common divisor of a and j?
18
Suppose -2*u = 2*u - 256. Suppose -4 - 2 = -3*l. Suppose 5*w - 77 = g, -5*w + l*w + 33 = -5*g. Calculate the highest common divisor of u and w.
16
Let s be 26/(-39) + (-233)/(-3). What is the highest common factor of s and 11?
11
Let z = -27 + 33. What is the greatest common factor of 6 and z?
6
Suppose -3*r = r - 484. What is the greatest common divisor of r and 11?
11
Let o(b) = b**2 + 4*b + 6. Let r be o(-4). Let p = 2 - 10. Let a = 12 + p. What is the highest common factor of a and r?
2
Let v be (32/3)/((-14)/(-399)). Calculate the greatest common divisor of v and 16.
16
Let m = 6 - 23. Let a = -2 - m. Let j = a + 21. What is the highes